65. Give k(52).
985
Let u(h) = 43*h**2 + 190*h - 16. Determine u(-6).
392
Let t(a) = -14*a**3 + 179*a**2 + 381*a + 5. Calculate t(-2).
71
Let j(z) = -28*z + 1345. Give j(-2).
1401
Let a(b) = -b**2 - 432*b - 41035. Determine a(-291).
-4
Let j(s) = s**2 - 395*s - 47730. What is j(-97)?
-6
Let z(p) = -2*p**2 - 346*p + 94918. What is z(148)?
-98
Let z(n) = 952*n**2 + 3234*n + 41. What is z(-3)?
-1093
Let v(g) = -g**3 + 363*g**2 - 5876*g - 2177. Give v(346).
-101
Let h(j) = -138*j**2 + 763*j - 25. Give h(6).
-415
Let g(p) = 2*p**3 - 272*p**2 - 501*p + 31082. Determine g(137).
-17
Let o(k) = 1509*k**2 + 81492*k + 325. Give o(-54).
1
Let b(r) = -r**3 - 28*r**2 - 406*r - 709. Give b(-2).
-1
Let m(x) = 391*x - 53506. Calculate m(137).
61
Let a(x) = 9946*x - 59689. Determine a(6).
-13
Let o(v) = -185*v**2 - 11838*v + 12140. Give o(-65).
-15
Let n(j) = -148*j - 1272. Give n(-9).
60
Let t(u) = 70*u**2 - 1307*u - 210. Give t(19).
227
Let l(b) = 413*b**2 - 2377*b - 34. Calculate l(6).
572
Let l(s) = 13*s**3 - 34*s**2 - 12*s - 6. What is l(6)?
1506
Let h(v) = -6*v**2 - 176*v - 138. Calculate h(-28).
86
Let k(a) = 1137*a + 38827. Give k(-34).
169
Let v(i) = -i**3 - 142*i**2 + 212*i - 11027. Give v(-144).
-83
Let o(t) = -25*t**3 - 187*t**2 - 95*t - 154. Determine o(-7).
-77
Let c(q) = -10*q**2 + 1130*q + 10207. Determine c(-9).
-773
Let q(j) = -153*j**2 - 5204*j - 66. Give q(-34).
2
Let c(n) = 154473*n + 772387. What is c(-5)?
22
Let k(l) = -10897*l + 43515. Determine k(4).
-73
Let y(m) = 5*m**3 + 92*m**2 - 28*m + 53. Give y(-19).
-498
Let x(n) = 1604*n - 164. Determine x(0).
-164
Let f(n) = 678*n - 1261. Calculate f(5).
2129
Let r(h) = -2769*h + 74781. Determine r(27).
18
Let c(m) = -m**3 + 923*m**2 - 17180*m + 3543. Give c(904).
-73
Let i(l) = -1083*l + 1064606. Calculate i(983).
17
Let n(t) = 10742*t + 118389. Determine n(-11).
227
Let g(w) = -2683*w + 126406. Calculate g(47).
305
Let m(i) = -1658*i + 35794. Give m(21).
976
Let w(y) = -28455*y + 56900. What is w(2)?
-10
Let i(w) = w**3 + 505*w**2 - 2532*w - 126. Determine i(5).
-36
Let i(z) = -9*z**2 - 2676*z - 3601. Calculate i(-296).
-49
Let g(u) = 118*u**2 + 762*u + 322. Give g(-6).
-2
Let r(p) = p**3 - 137*p**2 + 400*p - 565. Calculate r(134).
-833
Let m(s) = -1870*s - 605801. Give m(-324).
79
Let l(r) = -r**3 + 141*r**2 - 3868*r + 41. Calculate l(38).
1789
Let p(u) = -52*u - 455. Give p(17).
-1339
Let d(p) = -3225*p - 5279337. Calculate d(-1637).
-12
Let c(u) = -9176*u - 1440559. What is c(-157)?
73
Let l(f) = 9*f**2 + 690*f + 6676. Calculate l(-10).
676
Let r(z) = 3*z**3 - 199*z**2 + 1730*z + 287. Calculate r(56).
-49
Let d(h) = -524*h + 28602. Determine d(55).
-218
Let b(k) = -2*k**3 - 51*k**2 - 51*k + 32. Calculate b(-25).
682
Let g(k) = -123*k + 4772. What is g(33)?
713
Let c(b) = 19*b**2 - 6471*b + 362055. Determine c(270).
-15
Let u(a) = 5373*a - 16302. Determine u(4).
5190
Let w(r) = r**3 + 106*r**2 + 955*r - 244. What is w(-96)?
236
Let u(h) = -4515*h - 505647. What is u(-112)?
33
Let l(n) = -12*n**3 + 25*n**2 - 80*n + 10. What is l(4)?
-678
Let w(i) = -i**3 + 3792*i**2 - 49127*i - 5. Calculate w(13).
-5
Let a(m) = 325*m - 8688. What is a(17)?
-3163
Let z(d) = -55*d**3 - 101*d**2 - 28*d - 12. Give z(-2).
80
Let y(p) = 193170*p - 3863395. Determine y(20).
5
Let n(k) = -k**2 + 5009*k - 316573. Calculate n(64).
-93
Let u(r) = -9*r**2 + 10685*r + 1735599. Determine u(1332).
3
Let p(f) = 6*f**2 + 63*f - 98. Determine p(-11).
-65
Let v(j) = -125*j**2 - 87*j - 298. Give v(-7).
-5814
Let u(r) = -32*r**2 + 613*r - 89. Calculate u(19).
6
Let a(z) = -374*z + 31312. Calculate a(81).
1018
Let l(i) = -3*i**3 + 13*i**2 - 9*i + 249. Give l(6).
15
Let y(s) = 19004*s - 817069. Calculate y(43).
103
Let i(f) = -9945*f**2 + 79553*f + 49. Determine i(8).
-7
Let a(c) = -3*c**2 + 204*c - 1658. Give a(65).
-1073
Let q(n) = -n**3 - 216*n**2 - 2047*n + 1320. Determine q(-206).
-1358
Let a(n) = -3*n**2 + 448*n + 91157. Determine a(-115).
-38
Let n(q) = -108*q**2 - 440*q - 3134. What is n(-7)?
-5346
Let l(c) = 31557*c + 94650. Give l(-3).
-21
Let v(y) = 3*y**2 + 205*y - 532. Give v(-67).
-800
Let u(i) = 47*i**3 + 4230*i**2 + 61*i + 5802. Determine u(-90).
312
Let c(f) = -f**3 - 306*f**2 - 23390*f + 1607. Give c(-156).
47
Let a(y) = 50*y**2 + 398*y - 52. Give a(-8).
-36
Let u(t) = -74*t**2 - 457*t + 917. Calculate u(2).
-293
Let g(r) = 3*r**3 - 82*r**2 - 70*r + 473. Calculate g(28).
81
Let p(d) = 1869*d - 691524. Calculate p(370).
6
Let m(x) = 62*x**2 - 682*x + 1368. Determine m(2).
252
Let h(f) = -6083*f - 60875. What is h(-10)?
-45
Let i(w) = 14*w**2 - 2142*w - 4285. Determine i(-2).
55
Let u(d) = 4*d**3 - 185*d**2 + 239*d - 232. Determine u(45).
398
Let k(q) = q**2 - 13538*q - 203293. Determine k(-15).
2
Let y(j) = -267*j**3 + j**2 - 124*j - 127. What is y(-1)?
265
Let u(t) = 36816*t - 258175. Determine u(7).
-463
Let d(q) = -3*q**2 + 356*q - 10379. Give d(68).
-43
Let m(c) = c**3 - 165*c**2 + 331*c - 397. What is m(163)?
418
Let c(r) = -11363*r + 251. What is c(0)?
251
Let q(w) = -41994*w + 293216. Give q(7).
-742
Let t(a) = 181*a + 16314. What is t(-87)?
567
Let a(g) = g**3 - 3*g**2 + 1523*g - 3060. Give a(2).
-18
Let k(d) = -130*d + 80544. Give k(619).
74
Let l(f) = -3963*f + 51326. Give l(13).
-193
Let u(g) = -121845*g + 1705863. Give u(14).
33
Let u(n) = -n**2 - 8974*n + 642194. What is u(71)?
-1
Let g(x) = x**3 + 43*x**2 + 82*x - 1645. What is g(-40)?
-125
Let z(d) = -119*d**2 + 5166*d + 141116. Determine z(-19).
3
Let g(k) = -2228*k**3 - k**2 - 121*k - 120. What is g(-1)?
2228
Let v(d) = -d**3 + 23*d**2 + 127*d + 327. Calculate v(29).
-1036
Let k(v) = 2*v**3 - 5*v**2 - 157*v - 414. Determine k(-4).
6
Let t(x) = -6126*x - 110302. What is t(-18)?
-34
Let q(a) = 3*a**3 - 18*a**2 + 32*a - 78. What is q(4)?
-46
Let y(i) = -153*i - 3888. Calculate y(0).
-3888
Let d(z) = 2*z**3 - 34*z**2 - 25*z + 55. Determine d(1).
-2
Let n(s) = -s**3 - 24*s**2 + 103*s - 162. What is n(-27)?
-756
Let p(f) = 19710*f + 59133. Determine p(-3).
3
Let p(r) = -2*r**2 + 398*r + 283660. Give p(-290).
40
Let b(q) = -q**3 + 72*q**2 - 1260*q + 9. Determine b(30).
9
Let q(g) = g**3 + 239*g**2 - 4864*g + 9803. Give q(-258).
-1
Let l(z) = -z**2 + 301*z + 6508. Give l(-22).
-598
Let b(u) = 51742*u - 258731. Calculate b(5).
-21
Let l(d) = -d**2 - 264*d - 7423. Determine l(-32).
1
Let a(r) = r**3 + 79*r**2 + 221*r + 422. Give a(-76).
954
Let a(z) = -15818*z - 1059808. Determine a(-67).
-2
Let y(f) = 118*f**2 - 150*f + 298. Give y(2).
470
Let p(w) = -34*w**2 + 7126*w + 2955. Determine p(210).
15
Let d(j) = 526*j + 4731. Calculate d(-10).
-529
Let i(y) = -92*y**2 + 437*y - 272. Give i(4).
4
Let t(h) = -h**3 + 99*h**2 + 97*h + 580. Give t(100).
280
Let w(o) = -230*o - 195. Determine w(-1).
35
Let i(w) = -30*w**2 - 633*w + 1272. Calculate i(2).
-114
Let b(g) = -9107*g + 919818. Calculate b(101).
11
Let b(u) = -3*u**2 - 14051*u - 1482508. Determine b(-108).
8
Let k(f) = -309*f**2 - 49*f + 127. Determine k(3).
-2801
Let x(c) = c**3 + 124*c**2 - 151*c - 4480. Determine x(-125).
-1230
Let b(q) = q**3 - 19*q**2 - 129*q + 1019. Determine b(23).
168
Let k(w) = 2*w**3 - 36*w**2 - 286*w + 1126. Give k(3).
-2
Let i(l) = -5803*l - 1554711. Give i(-268).
493
Let t(h) = -3*h**3 - 235*h**2 + 56*h - 15. Calculate t(0).
-15
Let x(b) = 9*b**2 - 841*b - 15249. Give x(109).
11
Let y(a) = -838260*a + 5867814. What is y(7)?
-6
Let h(j) = 10633*j + 361608. Give h(-34).
86
Let r(p) = 2*p**3 - 38*p**2 - 950*p + 9. What is r(-14)?
373
Let b(p) = p**2 + 301*p + 7204. Determine b(-26).
54
Let z(r) = -7614*r + 251259. What is z(33)?
-3
Let l(w) = -734*w - 87928. Calculate l(-120).
152
Let o(f) = 2404*f**2 - 2694*f + 2693. What is o(1)?
2403
Let j(v) = 507841*v + 1523513. Calculate j(-3).
-10
Let l(b) = -b**3 + 15*b**2 - 999*b + 12671. Determine l(13).
22
Let x(m) = -5*m**3 + 45*m**2 - 544*m + 4037. Calculate x(8).
5
Let d(c) = -6*c**3 - 2017*c**2 - 333*c - 1540. What is d(-336)?
-2548
Let m(h) = -60*h**2 + 68*h + 11. Give m(4).
-677
Let k(m) = -680*m + 12008. Determine k(17).
448
Let u(q) = 3*q**3 - 1749*q + 5219. What is u(3)?
53
Let y(r) = -2*r**3 + 30*r**2 + 102*r - 579. Calculate y(17).
-1
Let o(n) = -3*n**3 + 16*n**2 - 488*n + 1785. Determine o(4).
-103
Let i(n) = 19967*n + 